8/(-552))?
2, 23
Suppose -q - 5*u + 12 = -u, -143 = -4*q + 3*u. What are the prime factors of q?
2
Let g = 65 - 31. What are the prime factors of g?
2, 17
Let d(x) = 5 + x**3 - 4 + 7 - 9*x**2 + 8*x. What are the prime factors of d(8)?
2
Suppose -3*f + 4*f - 88 = 0. What are the prime factors of f?
2, 11
Suppose 216 = 4*d + 4*y, -38 = -2*d + 5*y + 42. List the prime factors of d.
2, 5
List the prime factors of 1347/(-1)*3/(-9).
449
Let r be 1*(2 - 3)*-5. Suppose r*l - 1 = 4*w + 2, 5*l = -5*w + 30. Suppose -4*d + 5*o = -63, w*d + 2*d - 3*o - 69 = 0. List the prime factors of d.
2, 3
Let t(a) = 34*a**2. Let r be t(1). Let v = -1 + r. What are the prime factors of v?
3, 11
Suppose 0 = -2*d + d - 6. Let w = -1 - d. Suppose -w*b + 0*b = -55. What are the prime factors of b?
11
Let t = 38 + -19. Suppose -3*b + 3 = 4*d + t, 3*b = 0. Let p = 12 + d. What are the prime factors of p?
2
Let a be (12 + (0 - 2))/2. Suppose -g = g + 6, a*g - 35 = 5*r. List the prime factors of (4/r)/(1/(-15)).
2, 3
Suppose b = r, 4*r - 12 = -0*r + b. Suppose r*j = 2*j + 16. List the prime factors of j.
2
Let b(a) = -a**3 + 5*a**2 + 7*a - 5. Let x be b(6). What are the prime factors of (3 - 3) + 3*x?
3
Let p = 116 - 96. What are the prime factors of p?
2, 5
Let a(b) = 82*b. Let i be a(1). Suppose -4*o = -8, 3*k = 6*k - o - i. List the prime factors of k.
2, 7
Let z be (2 + -3)*6/(-2). Let m(s) = -s**2 + 12*s + 15. Let n be m(11). Suppose -2*i = -z*h + n, 4*h - i = -3*i + 16. List the prime factors of h.
2, 3
Suppose 4*v + 14 = 142. List the prime factors of v.
2
What are the prime factors of (-1 - 0)*(-171 + 14)?
157
Let b = 6 - 11. Let q = b - -9. Suppose 0 = -3*r - 0*p - 4*p + q, -1 = 3*r + 5*p. What are the prime factors of r?
2
Suppose u + 3*x = 146, -2*u + 0*u = -3*x - 310. List the prime factors of u.
2, 19
Let g(f) = -f**3 + 9*f**2 + f - 10. Let h be g(9). Let r(u) = u**2 - 4*u**3 + 0*u**2 - 5*u**3. List the prime factors of r(h).
2, 5
Let v(h) = 13*h + 10. What are the prime factors of v(6)?
2, 11
Suppose 2*q + 3*x = 10, 5*q + 3*x = 2 + 14. Suppose 3*r = 39 + 9. Suppose 5*p - 3*a + 2*a = 15, -r = -3*p + q*a. List the prime factors of p.
2
Let o = 45 + -27. Suppose j + j = o. What are the prime factors of j?
3
Suppose 6 = 3*u - 3. Suppose -u*l + 10 + 20 = 0. What are the prime factors of l?
2, 5
Let i be -3 + -2 + 0 + 2. Let m be ((-4)/3)/(i/9). Suppose -2*z - z + 26 = 5*w, 0 = m*z + 3*w - 31. List the prime factors of z.
7
Let v(n) = -n**3 - 10*n**2 + 13. List the prime factors of v(-10).
13
Suppose 2*g + 265 + 239 = 2*c, 3*c + 4*g = 735. What are the prime factors of c?
3, 83
Let w(v) be the second derivative of v**4/12 + v**3 + 5*v**2/2 - v. Let f be w(-4). List the prime factors of 3/(0 - f/2).
2
Let r(d) = 5*d**2 - 4*d - 3. Let f be 15/3*6/(-15). What are the prime factors of r(f)?
5
Suppose 0 = c - 5*c - 12. Let w = c - -4. What are the prime factors of 2 + 12 - 2/w?
2, 3
Let n(q) = -2*q - 20. Let u be n(0). Let p be (-2)/5 + 129/(-15). Let r = p - u. List the prime factors of r.
11
Let t = 2 + -1. Let o(y) = y**2 - 2*y + 4 + 1 - t. What are the prime factors of o(4)?
2, 3
Let w(o) = 8*o**2 + 2*o - 21. List the prime factors of w(5).
3, 7
Let w = 60 - 26. Suppose w = 2*c + 2. List the prime factors of c.
2
Suppose -831 + 243 = -4*m. What are the prime factors of m?
3, 7
Suppose -2*t - 50 = 3*t. Let z = t - -19. List the prime factors of z.
3
Let o(j) = 2*j**2 - j + 1. Let m be o(1). Suppose -4 = -3*s + 2*t - m, 3*t = 6. List the prime factors of s.
2
Let g be 1/(-1) + 0/(-2). Suppose 0*p = 4*p + 12. List the prime factors of (p + 2)/(g/7).
7
Let m = 10 - 4. Suppose 5*n = -m + 106. What are the prime factors of n?
2, 5
What are the prime factors of (15/(-60))/(1/2)*-132?
2, 3, 11
Let t(f) = 3*f**2 + 3*f - 6. List the prime factors of t(4).
2, 3
Suppose p + 80 = 6*p. List the prime factors of p.
2
Let s(x) be the third derivative of x**6/8 - x**5/60 + x**4/12 - x**3/6 - 6*x**2. What are the prime factors of s(1)?
3, 5
List the prime factors of (341/33)/(2/6).
31
List the prime factors of 831/27 + 4/18.
31
List the prime factors of (-363)/(-4)*(-64)/(-24).
2, 11
Let f(h) = -h**2 - 5*h + 2. Let r be f(-4). What are the prime factors of r/8 - (-51)/12?
5
List the prime factors of (-3785)/(-55) - (-4)/22.
3, 23
Suppose 0 = -4*t + 20, t + 40 = 5*r + 6*t. Suppose -r*h - 34 = -x, -3*h - 1 = 14. List the prime factors of x.
19
Let a(t) = -t**3 + 5*t**2 + 7*t + 5. Let u be a(6). Let n be (-1)/(33/(-15) + 2). Let d = u - n. List the prime factors of d.
2, 3
What are the prime factors of (1 - 1796/(-10)) + 16/40?
181
Let h(g) = -g - 6. Let a be h(-11). Suppose 0 = -a*z + 10. Let x(s) = -s**3 + 4*s**2 - s - 1. What are the prime factors of x(z)?
5
Suppose 5*a = 4*i + 130, 104 = 3*a + a + 2*i. What are the prime factors of a?
2, 13
Suppose -o - 5*t - 4 = -3*o, -t + 8 = 4*o. Suppose -o*c = c - 57. List the prime factors of c.
19
List the prime factors of 6*-16*4/(-12).
2
Let g(d) = 2*d**2 - 5*d - 1. Let l be g(4). Let r be ((-21)/(-2) + -1)*2. Let v = r - l. What are the prime factors of v?
2
Suppose 4 = -2*h, -4*v + h = -5*v + 14. Let m be -1*1/(1 + -2). List the prime factors of ((-2)/(-4))/(m/v).
2
List the prime factors of ((-330)/50 + (-2)/5)*-5.
5, 7
Suppose 0*k - 236 = 4*k - 4*y, 5*k + 307 = -y. Let o = -39 - k. What are the prime factors of o?
2, 11
Let z be (-116)/16*(-4)/(-1). Let x = -17 - z. List the prime factors of (-4)/10 + x/5.
2
Suppose 0*g - 14 = -2*a + 2*g, -2*g = -4*a + 24. Let b be 8/(-10)*(2 - 7). Suppose 4*c + b = 0, 7 - 57 = -5*i - a*c. List the prime factors of i.
11
Let h be ((-12)/15)/((-8)/20). Suppose -h*y - 2 = -16. Suppose a + 0*a = y. List the prime factors of a.
7
Let o = 10 - 8. Suppose o*d - 6*d = 0. Suppose 2*r = -d*r + 34. List the prime factors of r.
17
Let t(v) be the third derivative of -v**4/3 + v**3/3 + 5*v**2. What are the prime factors of t(-2)?
2, 3
Let u be (10/(-3))/(8/(-84)). Suppose 5*k - 2*k = 2*l + 126, 0 = -k + 3*l + u. What are the prime factors of k?
2, 11
Let p be ((-1)/2)/(1/(-30)). Let r be (-2)/(-5) - 6/p. List the prime factors of 5/1 - (1 + r).
2
Let m = -3 + 3. Suppose m = -j + 4. Suppose -r = o + 2*r - 10, 4*r = j. What are the prime factors of o?
7
Suppose p - 28 - 13 = 0. What are the prime factors of p?
41
Let c(m) = -4*m**3 + 2*m**2 + 3*m + 3. Let v be c(-3). Suppose 5*b = -2*f + 25 + v, -5*f - 58 = -2*b. List the prime factors of b.
29
Let x(r) be the first derivative of r**3/3 + 3*r**2/2 - 6*r + 2. List the prime factors of x(-5).
2
Let d = -35 + 91. List the prime factors of d.
2, 7
Let c(j) = j**3 - 6*j**2 - 5*j + 1. Suppose -2*s + 17 = 5. Let v be c(s). Let d = -18 - v. What are the prime factors of d?
11
Let l(t) = t**3 - 5*t**2 + 5*t + 5. Let s be l(4). Suppose k - 8 = s. List the prime factors of k.
17
Suppose -3 = -o - 5*z, -o + 4 - 1 = 2*z. Suppose -a - o*s + 27 = 6, -3*a + 31 = s. Let i = 14 - a. List the prime factors of i.
5
Let k(n) = -2*n**2 + 6 - n**3 - 5*n**2 + 4*n**2 + 3*n. List the prime factors of k(-4).
2, 5
Let o = 0 - -2. Suppose o = 2*s - 10. List the prime factors of s.
2, 3
Let n be (-3)/9 - (-43)/3. Suppose -2*q - 4 = n. Let c(y) = -y + 5. List the prime factors of c(q).
2, 7
Let t(j) = 2*j**3 - 2*j**2 - 2*j - 1. Let b be t(-1). Let p(m) = 7*m + 3. Let i be p(b). Let r = -10 - i. What are the prime factors of r?
2
Let a be 26/7 - (-2)/7. Suppose -a*t + 20 = t. What are the prime factors of t?
2
Let q(g) = 52*g**2. Let x be q(-1). Let u = x + -29. List the prime factors of u.
23
Suppose 0 = 5*l + v - 3 - 10, v + 14 = 4*l. Suppose 2*t = -2*t + s + 96, -l*t - 4*s = -72. What are the prime factors of t?
2, 3
What are the prime factors of (-444)/(-14) + 18/63?
2
Let g(t) = -t**3 - 6*t**2 - 6*t - 7. Let j be g(-5). List the prime factors of 4/(0/(-2) - j).
2
Suppose -z + 2 = 0, 5*w + 3*z - 30 = -2*z. Suppose -w*g = g - 85. What are the prime factors of g?
17
Let v(s) = s**2 - 11*s - 11. Let r be v(12). List the prime factors of (50/r - -2) + -1.
3, 17
Let v be (-9)/(0 + -3) + 1. Suppose v*b - 14 + 2 = 0. Suppose -5*j - b = -13. List the prime factors of j.
2
Let l(p) = -p**3 + p**2 + 14. Suppose 2*q = -0*q. What are the prime factors of l(q)?
2, 7
Suppose -2*o - 118 = -0*o. Let n = 103 + 